 1. Let o(y) = -y + 1. Let w be o(0). What is the greatest common factor of w and u?
1
Let a = -894 - -916. Let o(z) = z**3 + 2*z**2 - 4*z. Let v(p) = p**2 + 2*p - 5. Let u be v(-4). Let b be o(u). What is the greatest common factor of b and a?
11
Let d = 17 + -21. Let w be 48 - (3 + 20/d). Calculate the highest common divisor of w and 25.
25
Let o(j) = -j + 44. Let g be o(0). Let c(s) = s**2 - 2*s - 4. Let y = 6 - 9. Let i be c(y). Calculate the highest common factor of g and i.
11
Suppose -q = -346 + 76. What is the greatest common divisor of 30 and q?
30
Suppose -2*v + 43 = d, -2*v + 0*v + 80 = 2*d. What is the greatest common divisor of d and 1887?
37
Let t be (2 - 3)/((-1)/26). Suppose -82 + 16 = -p. Let z = p - t. What is the greatest common divisor of 16 and z?
8
Let m = -5 + 5. Let k(f) = f - 1. Let b(d) = -d**2 + 2*d - 6. Let p(t) = -b(t) + 3*k(t). Let i be p(m). Calculate the greatest common factor of i and 9.
3
Suppose -5*o + 4 + 456 = 5*k, 0 = -4*o - 2*k + 374. Let y = 37 + o. Let v(d) = d**2 + 12. Let w be v(0). Calculate the greatest common factor of y and w.
12
Let l be (-1880)/(-140) - 20/(-35). Let w = -120 + 80. Let f = -26 - w. What is the highest common factor of f and l?
14
Let x = -17 - -12. Let g be 1/((-1)/x - 0). Calculate the highest common divisor of g and 55.
5
Suppose -m - 3*m = -52. Let q be ((-5)/((-5)/3))/(279/1209). What is the highest common factor of m and q?
13
Let q = -96 + 171. Let t(u) = u + 13. Let o be t(-10). Suppose 4*s - o*s = -3*x, 2*s + 4*x - 10 = 0. What is the greatest common divisor of s and q?
15
Let k(c) = -10*c + 4. Suppose -5*g + 8 = -7*g. Let h be k(g). Calculate the highest common divisor of 88 and h.
44
Let v be (-48 - 3) + (-2)/2. Let t = v + 96. Let j = 6 + -2. Calculate the greatest common factor of j and t.
4
Suppose -17*g = 3*g - 2660. What is the highest common factor of g and 42?
7
Suppose -111 = -5*b + 2*z + 17, 5*b + 3*z = 133. Let v = 15 + -36. Let u = v + b. What is the highest common divisor of u and 20?
5
Suppose w + 3*p = 15, -w = 3*w - 2*p - 18. Suppose -w*g + 2*g + 40 = 0. What is the greatest common factor of 40 and g?
10
Let f = 11 + -14. Let c be (-22 + -1)*(f - -1). Calculate the highest common factor of 92 and c.
46
Suppose -4*o - 4*z + 74 = 598, -5*z = 3*o + 383. Let b = o + 199. What is the greatest common factor of 7 and b?
7
Suppose -7*n = -32 - 164. What is the highest common factor of 322 and n?
14
Suppose 0 = -67*i + 49*i + 378. Suppose -4*x - 25 + 1 = 0. Let a be (2 - 9/x)*4. What is the greatest common factor of i and a?
7
Suppose 95 = 4*k - 49. Let u = k + -26. Calculate the greatest common divisor of 10 and u.
10
Suppose -3*u + 18 = -6. Let a(x) = 2*x + 10. Let r be a(31). Calculate the highest common factor of u and r.
8
Let z(s) = 7*s**2 - 10*s - 8. Suppose -3 = 2*v - 0*c + 3*c, 0 = 4*v + 3*c + 15. Let a be z(v). Calculate the highest common divisor of a and 38.
38
Suppose -5*d + 248 = -4*r + 1055, -r + 4*d = -188. What is the greatest common divisor of r and 32?
16
Let x(a) = 199*a**2 + 18*a + 17. Let d be x(-1). What is the greatest common divisor of d and 33?
33
Let d(n) be the third derivative of n**5/5 - 11*n**4/24 + 5*n**3/3 - 23*n**2. Let a be d(1). What is the highest common divisor of a and 88?
11
Let p(o) = 28*o**2 - 11*o - 11. Let l be p(-1). Let n(i) = 15*i - 19. Let r be n(5). Calculate the highest common divisor of l and r.
28
Let c(u) = u**2 - 2*u - 123. Let d be c(-39). Calculate the greatest common factor of d and 36.
36
Let a be ((-76)/8 - -4)*-2. Let z = 59 + a. Let v = 24 + 4. What is the highest common divisor of v and z?
14
Let c(k) = 33*k**2. Let r be c(-1). Let s be (-1)/20*-5 - 1934/(-8). Let u be (s/4)/((-3)/(-18)). Calculate the highest common divisor of u and r.
33
Suppose j + 1759 = 5*w, 1762 = 5*w - 0*j + 2*j. Calculate the highest common factor of w and 44.
44
Suppose 106*d - 3*v + 54 = 109*d, -3*d + 4*v + 47 = 0. Calculate the greatest common divisor of d and 1003.
17
Let g(o) = -o**3 - 5*o**2 - 2*o - 6. Let f be g(-6). Suppose -h - f = -4*h. Let q = 64 - 22. Calculate the highest common factor of q and h.
14
Let m = 55 - 52. Suppose 2*x - 3*l - 288 = 0, 5*x - l = m*l + 734. Calculate the greatest common factor of x and 15.
15
Let d(r) = -r**3 - 14*r**2 - 22*r + 38. Let m be d(-12). What is the highest common factor of m and 217?
7
Suppose f = 3*f + 40. Let g be f/35*21/(-6). Calculate the highest common divisor of 1 and g.
1
Suppose -15*j = -11*j - 128. Suppose 0*v = 2*v - j. Suppose -q + 0*q = -64. What is the highest common factor of v and q?
16
Let l = -533 + 1091. Calculate the greatest common divisor of 62 and l.
62
Let g = -177 - -186. Let l = 13 - 4. Calculate the greatest common divisor of l and g.
9
Suppose 5*j + 523 = k + 2*k, 3 = 3*j. Calculate the highest common divisor of 66 and k.
22
Let x be (0 - 5)/(-17*(-25)/(-1275)). Let q = 12 - 7. Let c be 5/(-1)*(-3)/q. What is the highest common divisor of c and x?
3
Let g = -569 + 638. Calculate the greatest common divisor of 621 and g.
69
Suppose 12*a - 11*a + 41 = 221. Let b = 29 - 14. Calculate the greatest common divisor of b and a.
15
Let o = 12 + 35. Let j(z) = -z**3 - o - 47 + 2*z + 96. Let y be j(0). What is the highest common divisor of 8 and y?
2
Suppose -3*a = -5*t + 10, a - 20 = -0*a - 3*t. Suppose 0 = 2*l + a*o - 70, 3*l - 155 = 5*o. What is the highest common factor of 30 and l?
15
Suppose -12 = 3*m, -4*q = -2*q - 2*m - 4. Let t be (q/(-4))/((-2)/(-108)). Let f be 6*(t/(-6))/(-3). What is the highest common divisor of 36 and f?
9
Let o(s) = -19*s - 26. Let y(p) = 21*p + 27. Let w(a) = 3*o(a) + 2*y(a). Let h be w(-3). Suppose -2*f = f - 126. What is the highest common divisor of h and f?
21
Suppose -4*d = -4*g - 0*g + 584, 0 = -2*g + d + 293. Let i be (9/6)/((-3)/(-48)). Let n = 45 - i. What is the greatest common divisor of n and g?
21
Suppose 5*b - 5*x - 59 = 21, -x = -5*b + 72. Suppose -4*q + b = 2. What is the highest common divisor of q and 27?
3
Let c = -272 - -300. Let a(y) = y**2 + 4*y. Let r be a(-7). Calculate the greatest common divisor of c and r.
7
Let g(j) = 16*j**2 + 16*j - 12. Let y be g(1). What is the highest common divisor of y and 170?
10
Suppose -16*s - 252 = -23*s. Calculate the highest common divisor of s and 882.
18
Suppose -d + 81 = 8*d. What is the greatest common divisor of d and 369?
9
Let d = 133 - 93. Let k(g) = -g**2 + 7*g + 4. Let o = 78 + -74. Let u be k(o). What is the greatest common factor of d and u?
8
Suppose 0 = -i + h + 34, -3*h - 10 = -2*i + 56. Let r(w) = -w**2 - 10*w - 1. Let t be r(-5). Calculate the greatest common divisor of i and t.
12
Suppose -5*q - 5 = 0, -3*q - 68 = -3*w - 4*q. Suppose -2398*g = -2387*g - 1771. Calculate the greatest common factor of w and g.
23
Suppose -4*t + 4*w + 156 = -0*t, -117 = -3*t + 2*w. Calculate the highest common factor of t and 429.
39
Suppose -2917*j = -2929*j + 3240. Let p(l) = -l**3 + 5*l**2 + 4*l + 7. Let s be p(5). What is the greatest common divisor of s and j?
27
Suppose 2*n = -2*k - 0*n + 190, 0 = -k - 3*n + 105. Let r be (-2)/4 - k/(-20). What is the greatest common divisor of 52 and r?
4
Let p be -33*2/6*229*-1. Suppose 8*h + 215 = p. Calculate the greatest common divisor of h and 36.
36
Suppose -2*l - 314 = -2*k - 7*l, 0 = 5*k - 5*l - 715. What is the highest common factor of 3 and k?
3
Let l(h) = -110*h - 422. Let c be l(-21). What is the greatest common divisor of c and 59?
59
Let a(q) = -11*q**2 - 227*q - 6. Let x be a(-20). What is the greatest common divisor of 4422 and x?
134
Let l(j) = -7*j. Let z be l(-2). What is the highest common divisor of z and 574?
14
Let v(u) = u**2 - 6*u - 11. Let i be v(8). Let p(n) = -2*n**3 + 2*n**2 + 12*n + 1. Let z be p(3). Calculate the greatest common factor of z and i.
1
Let s(x) be the second derivative of -x**5/20 + 38*x**2 - 18*x. Let i be s(0). Calculate the greatest common factor of 190 and i.
38
Let r = 109 - 101. Calculate the greatest common factor of r and 10.
2
Let b(y) = 6*y**2 + 5*y + 7. Let l be b(-2). Let r be (-14)/4*-1*18. What is the highest common divisor of r and l?
21
Suppose 0 = -7*a + 4*a - 171. Let n = -44 - a. Let l be 89/7 - 2/(-7). Calculate the greatest common factor of l and n.
13
Let c(u) = 